{"id":953,"date":"2022-03-01T06:25:47","date_gmt":"2022-03-01T06:25:47","guid":{"rendered":"https:\/\/vii-hkk-2022.hgd1952.hr\/?page_id=953"},"modified":"2022-03-04T17:20:10","modified_gmt":"2022-03-04T17:20:10","slug":"program-kongresa-ostale-sesije","status":"publish","type":"page","link":"https:\/\/vii-hkk-2022.hgd1952.hr\/index.php\/program-kongresa-ostale-sesije\/","title":{"rendered":"Program &#8211; otvaranje i sesije"},"content":{"rendered":"<div style=\"height:46px\" aria-hidden=\"true\" id=\"VIIHKK2022-DGU\" class=\"wp-block-spacer\"><\/div><div style=\"height:46px\" aria-hidden=\"true\" id=\"VIIHKK2022-pozvana\" class=\"wp-block-spacer\"><\/div><h3><span class=\"has-inline-color has-neve-link-color-color\">Pozvana predavanja<\/span><\/h3><p><em>(voditelj: Miodrag Roi\u0107)<\/em><\/p><figure class=\"wp-block-table is-style-stripes\"><table><tbody><tr><td><em><em>Christian Lemme<\/em>n<\/em><\/td><td><strong><strong><strong>Fit-For-Purpose Land Administration approaches<\/strong><\/strong><\/strong><\/td><\/tr><tr><td><em>Rohan Bennett<\/em><\/td><td><strong><strong><strong>Remote Sensing and Land Administration<\/strong><\/strong><\/strong><\/td><\/tr><tr><td><em><em>Eva-Maria Unger<\/em><\/em><\/td><td><strong> <strong><strong>The UN-GGIM Framework on Effective Land Administration (FELA) and Standardisation<\/strong><\/strong><\/strong><\/td><\/tr><\/tbody><\/table><\/figure><h3><span class=\"has-inline-color has-neve-link-color-color\">Sesija 1: DGU<\/span><\/h3><p><em>(voditelj: Josip Zubak, zamjenik: Nikola Vu\u010di\u0107)<\/em><\/p><figure class=\"wp-block-table is-style-stripes\"><table><tbody><tr><td><em>Vu\u010di\u0107 N., \u0160antek D., \u0160usti\u0107 A. i Pand\u017ea M.<\/em><\/td><td><strong><strong>Vi\u0161egodi\u0161nji program katastarskih izmjera gra\u0111evinskih podru\u010dja za razdoblje 2021. \u2013 2030.<\/strong><\/strong><\/td><\/tr><tr><td><em>\u0160usti\u0107 A., Mari\u0107 Lj., Medari\u0107 I., \u0160antek D., i Be\u0161li\u0107 Landek Z.<\/em><\/td><td><strong><strong>Izmjene i dopune Zakona o dr\u017eavnoj izmjeri i katastru nekretnina<\/strong><\/strong><\/td><\/tr><tr><td><em>\u0160antek D., Magdi\u0107 I. i Ma\u0111er M.<\/em><\/td><td><strong> <strong>Registar zgrada<\/strong> <\/strong><\/td><\/tr><tr><td><em>Bakija Lopac A., Vu\u010di\u0107 N., Rupi\u0107 A. i \u0160antek D.<\/em><\/td><td><strong><strong>Aktualnosti sustava katastra infrastrukture<\/strong><\/strong><\/td><\/tr><tr><td><em>\u010corak M., \u0160antek D., Zubak J. i Vorel Jur\u010devi\u0107 B<\/em><\/td><td><strong>Obnova katastarskih podataka na potresom pogo\u0111enom podru\u010dju<\/strong><\/td><\/tr><\/tbody><\/table><\/figure><div style=\"height:46px\" aria-hidden=\"true\" id=\"VIIHKK2022-GEOF\" class=\"wp-block-spacer\"><\/div><h3 id=\"VIIHKK2022-sesija-5\"><span class=\"has-inline-color has-neve-link-color-color\">Sesija 3: GEOF<\/span><\/h3><p><em>(voditelj: Rinaldo Paar, zamjenik: Hrvoje Tomi\u0107)<\/em><\/p><figure class=\"wp-block-table is-style-stripes\"><table><tbody><tr><td><em>\u0110apo A., Marendi\u0107 A. i Medak D.<\/em><\/td><td><strong><strong><strong>Institucionalni okvir visokog obrazovanja u geodeziji i geoinformatici<\/strong><\/strong><\/strong><\/td><\/tr><tr><td><em>Pribi\u010devi\u0107 B. i \u0110apo A.<\/em><\/td><td><strong>Znanstveno istra\u017eiva\u010dki projekti na Geodetskom fakultetu Sveu\u010dili\u0161ta u Zagrebu \u2013 Primjer HRZZ projekta GEOMSAT<\/strong><\/td><\/tr><\/tbody><\/table><\/figure><div style=\"height:46px\" aria-hidden=\"true\" id=\"VIIHKK2022-HKOIG\" class=\"wp-block-spacer\"><\/div><h3><span class=\"has-inline-color has-neve-link-color-color\">Sesija 4: HKOIG<\/span><\/h3><p><em>(voditeljica: Bla\u017eenka Mi\u010devi\u0107, zamjenik: Adam Agoti\u0107)<\/em><\/p><figure class=\"wp-block-table is-style-stripes\"><table><tbody><tr><td><em><em><em>Krupa V., Pirlot J. Y., Grilc M. i Smith N<\/em><\/em><\/em>.<\/td><td><strong><strong><strong>The European Property Surveyor: Guarantor of land and built property<\/strong><\/strong><\/strong><\/td><\/tr><tr><td><em><em><em><em>Agoti\u0107 A. i Vejmelka J<\/em>.<\/em><\/em><\/em><\/td><td><strong><strong>Postupanja pri preno\u0161enju podataka katastarskih evidencija na teren<\/strong><\/strong><\/td><\/tr><\/tbody><\/table><\/figure>","protected":false},"excerpt":{"rendered":"<p>Pozvana predavanja (voditelj: Miodrag Roi\u0107) Christian Lemmen Fit-For-Purpose Land Administration approaches Rohan Bennett Remote Sensing and Land Administration Eva-Maria Unger The UN-GGIM Framework on Effective Land Administration (FELA) and Standardisation Sesija 1: DGU (voditelj: Josip Zubak, zamjenik: Nikola Vu\u010di\u0107) Vu\u010di\u0107 N., \u0160antek D., \u0160usti\u0107 A. i Pand\u017ea M. Vi\u0161egodi\u0161nji program katastarskih izmjera gra\u0111evinskih podru\u010dja za&hellip;&nbsp;<a href=\"https:\/\/vii-hkk-2022.hgd1952.hr\/index.php\/program-kongresa-ostale-sesije\/\" class=\"\" rel=\"bookmark\">Read More &raquo;<span class=\"screen-reader-text\">Program &#8211; otvaranje i sesije<\/span><\/a><\/p>\n","protected":false},"author":2,"featured_media":0,"parent":0,"menu_order":0,"comment_status":"closed","ping_status":"closed","template":"","meta":{"neve_meta_sidebar":"","neve_meta_container":"","neve_meta_enable_content_width":"","neve_meta_content_width":0,"neve_meta_title_alignment":"","neve_meta_author_avatar":"","neve_post_elements_order":"","neve_meta_disable_header":"","neve_meta_disable_footer":"","neve_meta_disable_title":"","_ti_tpc_template_sync":false,"_ti_tpc_template_id":""},"_links":{"self":[{"href":"https:\/\/vii-hkk-2022.hgd1952.hr\/index.php\/wp-json\/wp\/v2\/pages\/953"}],"collection":[{"href":"https:\/\/vii-hkk-2022.hgd1952.hr\/index.php\/wp-json\/wp\/v2\/pages"}],"about":[{"href":"https:\/\/vii-hkk-2022.hgd1952.hr\/index.php\/wp-json\/wp\/v2\/types\/page"}],"author":[{"embeddable":true,"href":"https:\/\/vii-hkk-2022.hgd1952.hr\/index.php\/wp-json\/wp\/v2\/users\/2"}],"replies":[{"embeddable":true,"href":"https:\/\/vii-hkk-2022.hgd1952.hr\/index.php\/wp-json\/wp\/v2\/comments?post=953"}],"version-history":[{"count":8,"href":"https:\/\/vii-hkk-2022.hgd1952.hr\/index.php\/wp-json\/wp\/v2\/pages\/953\/revisions"}],"predecessor-version":[{"id":1061,"href":"https:\/\/vii-hkk-2022.hgd1952.hr\/index.php\/wp-json\/wp\/v2\/pages\/953\/revisions\/1061"}],"wp:attachment":[{"href":"https:\/\/vii-hkk-2022.hgd1952.hr\/index.php\/wp-json\/wp\/v2\/media?parent=953"}],"curies":[{"name":"wp","href":"https:\/\/api.w.org\/{rel}","templated":true}]}}