{"id":729,"date":"2022-01-28T06:58:09","date_gmt":"2022-01-28T06:58:09","guid":{"rendered":"https:\/\/vii-hkk-2022.hgd1952.hr\/?page_id=729"},"modified":"2022-03-02T09:01:48","modified_gmt":"2022-03-02T09:01:48","slug":"smjestaj","status":"publish","type":"page","link":"https:\/\/vii-hkk-2022.hgd1952.hr\/index.php\/smjestaj\/","title":{"rendered":"Smje\u0161taj"},"content":{"rendered":"<blockquote class=\"wp-block-quote\"><p><span class=\"has-inline-color has-neve-link-color-color\"><strong>* Kongres \u0107e se odr\u017eati u skladu s epidemiolo\u0161kim mjerama <a href=\"https:\/\/www.hzjz.hr\/\">HZJZ-a<\/a>. Iako ne o\u010dekujemo zna\u010dajna ograni\u010denja, molimo sve sudionike da provjere uvjete putovanja iz zemalja iz kojih dolaze.<\/strong><\/span><\/p><\/blockquote><h3>VII. HRVATSKI KONGRES O KATASTRU i LADM 2022 RADIONICA&nbsp;biti \u0107e odr\u017eana u <a href=\"https:\/\/www.adriaticluxuryhotels.com\/hotel-dubrovnik-palace\/\">hotelu Palace<\/a>, Dubrovnik, HRVATSKA.<\/h3><p>Sudionici mogu rezervirati smje\u0161taj u hotelu Palace ili hotelu Kompas po posebnoj povla\u0161tenoj cijeni za sudionike konferencije.<\/p><p><strong>Prilikom registracije svaki sudionik dobiva poseban KOD za rezervaciju smje\u0161taja u hotelu Palace ili hotelu Kompas po posebnoj povla\u0161tenoj cijeni za sudionike konferencije.<\/strong>&nbsp;<\/p><p>Hoteli do 11. o\u017eujka 2022. osiguravaju smje\u0161taj sudionicima po povla\u0161tenim uvjetima. Nakon 11. o\u017eujka hoteli ne garantiraju raspolo\u017eivost smje\u0161taja, odnosno sudionici \u0107e mo\u0107i rezervirati smje\u0161taj sukladno raspolo\u017eivim kapacitetima hotela.<\/p><p><strong><a href=\"https:\/\/www.adriaticluxuryhotels.com\/hotel-dubrovnik-palace\/\">Hotel Palace 5*<\/a> \u2013 jednokrevetna soba 85 \u20ac, dvokrevetna soba 105 \u20ac (u kunskoj protuvrijednosti). Po sobi dnevno na bazi no\u0107enja s doru\u010dkom.<\/strong><\/p><p><strong><a href=\"https:\/\/www.adriaticluxuryhotels.com\/hr\/hotel-kompas-dubrovnik\">Hotel Kompas 4*<\/a> \u2013 jednokrevetna soba 70 \u20ac, dvokrevetna soba 90 \u20ac (u kunskoj protuvrijednosti).<\/strong>  <strong>Po sobi dnevno na bazi no\u0107enja s doru\u010dkom.<\/strong><\/p><blockquote class=\"wp-block-quote\"><p><span class=\"has-inline-color has-neve-link-color-color\"><strong>KOD ZA REZERVACIJU SMJE\u0160TAJA U HOTELU SUDIONICI DOBIVAJU AUTOMATSKI NAKON ZAVR\u0160ETKA POSTUPKA REGISTRACIJE ZA SUDJELOVANJE NA KONFERENCIJI.<\/strong><\/span><\/p><\/blockquote><div class=\"wp-block-buttons\"><div class=\"wp-block-button has-custom-width wp-block-button__width-50 is-style-primary\"><a class=\"wp-block-button__link no-border-radius\" href=\"https:\/\/www.adriaticluxuryhotels.com\/hotel-dubrovnik-palace\/\"> <strong>Rezerviraj hotel PALACE!<\/strong><\/a><\/div>\n\n<div class=\"wp-block-button has-custom-width wp-block-button__width-50 has-custom-font-size is-style-primary has-normal-font-size\"><a class=\"wp-block-button__link\" href=\"https:\/\/www.adriaticluxuryhotels.com\/hr\/hotel-kompas-dubrovnik\" style=\"border-radius:3px\"> <strong>Rezerviraj hotel KOMPAS!<\/strong><\/a><\/div><\/div><h5 class=\"has-neve-link-color-color has-text-color\">* Klikni REZERVIRAJ SADA, odab<em>eri datum i unesi KOD.<\/em><\/h5><figure class=\"wp-block-image size-full\"><img loading=\"lazy\" width=\"768\" height=\"432\" src=\"https:\/\/vii-hkk-2022.hgd1952.hr\/wp-content\/uploads\/2022\/01\/palace-768x432-1.jpg\" alt=\"\" class=\"wp-image-725\" srcset=\"https:\/\/vii-hkk-2022.hgd1952.hr\/wp-content\/uploads\/2022\/01\/palace-768x432-1.jpg 768w, https:\/\/vii-hkk-2022.hgd1952.hr\/wp-content\/uploads\/2022\/01\/palace-768x432-1-300x169.jpg 300w\" sizes=\"(max-width: 768px) 100vw, 768px\" \/><figcaption><a href=\"https:\/\/www.adriaticluxuryhotels.com\/hotel-dubrovnik-palace\/\">vi\u0161e o Hotelu Palace *****<\/a><\/figcaption><\/figure><figure class=\"wp-block-image size-full\"><img loading=\"lazy\" width=\"768\" height=\"680\" src=\"https:\/\/vii-hkk-2022.hgd1952.hr\/wp-content\/uploads\/2022\/01\/kompas-768x680-1.jpg\" alt=\"\" class=\"wp-image-726\" srcset=\"https:\/\/vii-hkk-2022.hgd1952.hr\/wp-content\/uploads\/2022\/01\/kompas-768x680-1.jpg 768w, https:\/\/vii-hkk-2022.hgd1952.hr\/wp-content\/uploads\/2022\/01\/kompas-768x680-1-300x266.jpg 300w\" sizes=\"(max-width: 768px) 100vw, 768px\" \/><figcaption><a href=\"https:\/\/www.adriaticluxuryhotels.com\/hr\/hotel-kompas-dubrovnik\">vi\u0161e o hotelu Kompas ****<\/a><\/figcaption><\/figure><div class=\"wp-block-themeisle-blocks-map alignfull\" id=\"wp-block-themeisle-blocks-leaflet-map-c805f505\"><\/div>\n<script type=\"text\/javascript\">\n\t\/* <![CDATA[ *\/\n\t\tif ( ! window.themeisleLeafletMaps ) window.themeisleLeafletMaps =[];\n\t\twindow.themeisleLeafletMaps.push( { container: \"wp-block-themeisle-blocks-leaflet-map-c805f505\", attributes: {\"id\":\"wp-block-themeisle-blocks-leaflet-map-c805f505\",\"latitude\":\"42.651605324506754\",\"longitude\":\"18.062810897827152\",\"bbox\":\"17.993888854980472,42.641851381533115,18.13173294067383,42.66135773805355\",\"zoom\":14,\"height\":309,\"markers\":[{\"latitude\":42.6510056116249387514471891336143016815185546875,\"longitude\":18.060708045959476208963678800500929355621337890625,\"id\":\"5ad9e477-8708-430e-8ed1-647e052cb093\",\"title\":\"Hotel Palace\",\"description\":\"\"},{\"latitude\":42.6562834783018161033396609127521514892578125,\"longitude\":18.069720268249515271463678800500929355621337890625,\"id\":\"64e3ce62-a6de-43bf-8808-b623a9ce266a\",\"title\":\"Hotel Kompas\",\"description\":\"\"}],\"align\":\"full\",\"location\":\"La Sagrada Familia, Barcelona, Spain\",\"draggable\":true,\"zoomControl\":true,\"hasCustomCSS\":false,\"customCSS\":\"\"} } );\n\t\/* ]]> *\/\n<\/script>","protected":false},"excerpt":{"rendered":"<p>* Kongres \u0107e se odr\u017eati u skladu s epidemiolo\u0161kim mjerama HZJZ-a. Iako ne o\u010dekujemo zna\u010dajna ograni\u010denja, molimo sve sudionike da provjere uvjete putovanja iz zemalja iz kojih dolaze. VII. HRVATSKI KONGRES O KATASTRU i LADM 2022 RADIONICA&nbsp;biti \u0107e odr\u017eana u hotelu Palace, Dubrovnik, HRVATSKA. Sudionici mogu rezervirati smje\u0161taj u hotelu Palace ili hotelu Kompas po&hellip;&nbsp;<a href=\"https:\/\/vii-hkk-2022.hgd1952.hr\/index.php\/smjestaj\/\" class=\"\" rel=\"bookmark\">Read More &raquo;<span class=\"screen-reader-text\">Smje\u0161taj<\/span><\/a><\/p>\n","protected":false},"author":2,"featured_media":725,"parent":0,"menu_order":0,"comment_status":"closed","ping_status":"closed","template":"","meta":{"neve_meta_sidebar":"","neve_meta_container":"","neve_meta_enable_content_width":"","neve_meta_content_width":0,"neve_meta_title_alignment":"","neve_meta_author_avatar":"","neve_post_elements_order":"","neve_meta_disable_header":"","neve_meta_disable_footer":"","neve_meta_disable_title":"","_ti_tpc_template_sync":false,"_ti_tpc_template_id":""},"_links":{"self":[{"href":"https:\/\/vii-hkk-2022.hgd1952.hr\/index.php\/wp-json\/wp\/v2\/pages\/729"}],"collection":[{"href":"https:\/\/vii-hkk-2022.hgd1952.hr\/index.php\/wp-json\/wp\/v2\/pages"}],"about":[{"href":"https:\/\/vii-hkk-2022.hgd1952.hr\/index.php\/wp-json\/wp\/v2\/types\/page"}],"author":[{"embeddable":true,"href":"https:\/\/vii-hkk-2022.hgd1952.hr\/index.php\/wp-json\/wp\/v2\/users\/2"}],"replies":[{"embeddable":true,"href":"https:\/\/vii-hkk-2022.hgd1952.hr\/index.php\/wp-json\/wp\/v2\/comments?post=729"}],"version-history":[{"count":51,"href":"https:\/\/vii-hkk-2022.hgd1952.hr\/index.php\/wp-json\/wp\/v2\/pages\/729\/revisions"}],"predecessor-version":[{"id":1026,"href":"https:\/\/vii-hkk-2022.hgd1952.hr\/index.php\/wp-json\/wp\/v2\/pages\/729\/revisions\/1026"}],"wp:featuredmedia":[{"embeddable":true,"href":"https:\/\/vii-hkk-2022.hgd1952.hr\/index.php\/wp-json\/wp\/v2\/media\/725"}],"wp:attachment":[{"href":"https:\/\/vii-hkk-2022.hgd1952.hr\/index.php\/wp-json\/wp\/v2\/media?parent=729"}],"curies":[{"name":"wp","href":"https:\/\/api.w.org\/{rel}","templated":true}]}}